, 487
Let x be 1047*(66/(-18) + 4). Let y = x - 228. What are the prime factors of y?
11
Suppose 0 = -5*j - 8*q + 4*q + 651, -j = -3*q - 134. Let h = j + -63. List the prime factors of h.
2, 17
Let c be 3/1 - (-3 + 4). Suppose c*y = -0*y. Suppose -2*l + y*l = -18. List the prime factors of l.
3
Let s(t) = t**3 + t**2 + 486. Let y be s(0). What are the prime factors of (y/(-2))/((-60)/40)?
2, 3
Suppose 2*j = 3*l - 9, -2*l + 13 = j - 0*l. Suppose j*p = 15 + 78. List the prime factors of p.
31
Let b be (1 - -2) + 226 + -5. Suppose 0 = 3*t + t - b. List the prime factors of t.
2, 7
Suppose -q + 1 = -1. Let z be (2/(-2) - q) + 3. Suppose 0*y = -4*y + b + 56, b - 4 = z. List the prime factors of y.
3, 5
Let s(t) = -t**2 + 19*t + 38. List the prime factors of s(10).
2
Suppose 3509 = 3*a - 2*h - 5089, 5*a = h + 14337. List the prime factors of a.
2, 3, 239
Suppose -3*i = 50 - 2111. List the prime factors of i.
3, 229
Let m be (2 - (-7)/2)*10. Suppose 0 = -4*f + m + 153. List the prime factors of f.
2, 13
Let m = -21 - -79. Suppose 5*p = m + 17. What are the prime factors of p?
3, 5
Let w = -364 - -2887. What are the prime factors of w?
3, 29
Let u(k) = 10*k**2 - 6*k + 22. List the prime factors of u(7).
2, 5, 47
Suppose -2*r - 2*g + 790 = 0, 5*g - 949 = -4*r + 631. List the prime factors of r.
5, 79
Let a be 182/39 - (-2)/6. Suppose 4*p + a*k - 5 = 0, -4*k + 0 = 3*p - 4. Suppose -3*u + u + 80 = p. What are the prime factors of u?
2, 5
Suppose -4*i = 4*v - 2*v - 80, -3*i + 59 = v. What are the prime factors of i?
19
Suppose 0 = -j - 70 + 73. Suppose r - 108 + 417 = 4*s, 0 = -j*s + 2*r + 238. List the prime factors of s.
2, 19
Let x = 737 + -713. Let s be 0*(-2 + 1) + 2. Suppose s*y - x = -4*y. List the prime factors of y.
2
Let v be (-2)/5 - (-554)/10. Let s = v + -36. Let f = s + -5. List the prime factors of f.
2, 7
Let c(f) = -10*f**2 + 3*f - 1. Let d be c(2). Let j be ((-36)/(-45))/((-2)/d). Suppose j - 4 = 2*g. What are the prime factors of g?
5
Let t(n) = -n**2 + 11*n - 13. Let v be t(9). Suppose 0 = -5*h - 2*l + 170, 0*h - v*l = 2*h - 47. What are the prime factors of h?
2, 3
Suppose -5*i + 13*i = 224. List the prime factors of i.
2, 7
Suppose -5*r = n + 688, -2*r + 5*r = -3*n - 420. Let f = r - -194. Let w = -30 + f. What are the prime factors of w?
3
List the prime factors of ((-6224)/6)/(-7*18/189).
2, 389
Let v(d) = 2*d - 2. Let i be v(2). Suppose -i*f = 4*j - 2, -2*f + 0 = 2*j + 2. Suppose p + 10 = u, -4 = -3*u + j*u - p. What are the prime factors of u?
7
Let u = 81 + -84. List the prime factors of 147 + (-6 - (-4 - u)).
2, 71
Suppose 4*q + 213 = -h, 3*q - 2*h + 151 = -6. Let n = 721 + -626. Let x = n + q. What are the prime factors of x?
2, 3, 7
Let j = -1166 + 2818. What are the prime factors of j?
2, 7, 59
Let t(k) = -3 + 3*k - k - 2*k**3 + 3 + 6. What are the prime factors of t(-3)?
2, 3
Let o = -1 - -1. Suppose o = -5*n + 3*j + 117, 2*n + 5*j + 19 = 3*n. List the prime factors of n.
2, 3
Let x(h) = -28*h + 10. Let m be 6/(-4*(-5)/(-30)). Let c be x(m). Suppose 2*w + c = 5*u, -3*u + 110 = -3*w - 40. List the prime factors of u.
2, 3
Let s be (-2)/(-7) + (-231)/(-49). Let o = s - 2. What are the prime factors of 6/(-9)*o*-3?
2, 3
Suppose -2664 = -29*f + 21*f. List the prime factors of f.
3, 37
Suppose 24 = 4*n + 4. Suppose n*b - 150 = -10. List the prime factors of b.
2, 7
List the prime factors of 6*((-3856)/(-12))/4.
2, 241
Let l = 320 + -130. Suppose -8*i + l = 3*m - 4*i, -3*m + 2*i = -220. Suppose 0 = 2*g - t - 45, 3*g - 2*t - m = 2*t. List the prime factors of g.
2, 11
Let n be 8/(-4) + (7 - 0). Suppose 124 = n*y - 16. List the prime factors of y.
2, 7
Suppose 0 = 5*r + 4*p - 835, 13 - 38 = 5*p. What are the prime factors of r?
3, 19
What are the prime factors of (-23)/92 - (-2441)/4?
2, 5, 61
Suppose 4*o - 3*o + 5*r = 183, -2*r + 536 = 3*o. Suppose 0 = 5*b - 4*g + o, -4*b - 3*g = g + 164. Let f = 63 + b. What are the prime factors of f?
5
Let w(o) = -o**3 - 4*o**2 + 4. Let x be w(-4). Suppose x*r - 3*r - 40 = 5*s, 3*r = 3*s + 144. What are the prime factors of -2*1 - r/(-2)?
23
Let h(u) = -u**3 + 3*u**2 + 3*u + 2. Let n be h(-2). Let d = 38 + n. What are the prime factors of d?
2, 3
Let d(j) = -j**2 + 8*j + 6. Let t = 16 + -8. Let p be d(t). Suppose -2*k = -p*k + 20, 0 = -4*y - 5*k + 161. What are the prime factors of y?
2, 17
Suppose 3*l + 0*l = -4*k + 93, -2*l + k = -73. List the prime factors of 1970/l + 2/(-7).
2, 7
What are the prime factors of 0 - 25391/(-6) - 8/(-48)?
2, 23
Let j be ((-40)/30)/((-1)/3). Suppose -5 = 3*z - j*z. List the prime factors of z.
5
Let v = -3 + 7. Suppose q - 13 = -v. Suppose -4*w - 4*z - 154 = -q*w, z - 174 = -5*w. List the prime factors of w.
2, 17
Let v(j) = -j**3 + 12*j**2 - 29*j - 52. List the prime factors of v(-10).
2, 23, 53
Let a = -85 + 148. Suppose -4*g - 3*u + a = -2*u, -4*g + 2*u = -66. What are the prime factors of g?
2
Let n(l) = -l**2 - 8 - 14*l + 38*l - 15*l. List the prime factors of n(2).
2, 3
Let q be (-2)/((6 + -3)/(-18)). Suppose -q - 21 = -p + 5*n, 5*p - n = 141. Let o = p - -10. List the prime factors of o.
2, 19
Let x be (-1)/(5/50)*-2. Suppose -70 - x = -3*v. What are the prime factors of v?
2, 3, 5
Suppose 23 = -4*m + 11. Let i(v) = -v**3 + 2*v**2 - 2*v - 6. List the prime factors of i(m).
3, 5
Let o(i) = -i**3 - 4*i**2 - 22*i + 2. List the prime factors of o(-15).
7, 401
What are the prime factors of (-2)/(-11) + 22158/99?
2, 7
Let q(z) = -2*z - 2. Suppose -25*k + 4 = -21*k. Let u be q(k). List the prime factors of (0 - u) + (-273)/(-7).
43
Let v be 1 + (10*-1 - 0). Let x be (-375)/v - 1/(-3). Suppose 0 = -3*w - 3*n + 66, w = -5*n - 0*n + x. What are the prime factors of w?
17
Let x(u) = 215*u**2 + 2*u + 3. Let t be x(-1). Suppose w = -y + 47, -t = -3*w + 3*y - 57. What are the prime factors of w?
2, 5
Let f be -1*(1 + -1*1). Let t = 345 - 343. Suppose t*d + f*d = 68. List the prime factors of d.
2, 17
Let q = 11 + -4. Let s be (-1 - -2)/(q/77). Suppose 4*p = 3*p + s. List the prime factors of p.
11
Let n(p) = p**2 - 4*p + 1. Let h be n(4). What are the prime factors of 1864/32 - h/4?
2, 29
Suppose 8*y - 728 = 4*y. Suppose 0 = -n + y - 7. What are the prime factors of n?
5, 7
Suppose 10*z - 71 = 309. Suppose -b - 16 = b. Let k = z + b. What are the prime factors of k?
2, 3, 5
Suppose 2*d - 4 = -0. Suppose 1 = 3*a - d*a. Let s = a - -7. List the prime factors of s.
2
Let t(p) = 2*p**2 + 34*p - 28. List the prime factors of t(-22).
2, 3
Suppose -11*n + 2542 + 307 = 0. What are the prime factors of n?
7, 37
Suppose -2*q = 2*q - 316. Let z = q + -56. What are the prime factors of z?
23
Suppose 2*u = 579 - 369. List the prime factors of u.
3, 5, 7
Let a(z) = -z**2 - 6*z + 643. List the prime factors of a(0).
643
Suppose -3*p + 2*p + 5*h - 2 = 0, 0 = -3*p - 4*h + 13. Suppose -3*b + 3*f + 78 = -2*b, 0 = -4*b - p*f + 267. What are the prime factors of b?
3, 23
Suppose 2*n = -5*q + 3978, 3*n - 523 - 283 = -q. What are the prime factors of q?
2, 397
Suppose 71 - 11 = 5*k. Suppose 27 = 2*r + 5*v, -2*r + k = 4*v - 12. List the prime factors of ((-51)/r)/(2/(-4)).
17
Suppose r - 3*w - w + 12 = 0, -3*r = -2*w + 6. Suppose -169 = -5*d + 166. Suppose 3*u + i - d = r, -4*u + 2*i = -i - 98. What are the prime factors of u?
23
Let k = 15 - 13. Suppose -k*v + 237 = -15. What are the prime factors of 1/2 + v/12?
11
Suppose 0 = -89*k - 8*k + 179159. What are the prime factors of k?
1847
Suppose -20 = t - 5*t. Suppose -d - u + 453 = 3*d, t*d + 2*u - 564 = 0. What are the prime factors of d?
2, 3, 19
Let m(n) = -281*n - 1196. What are the prime factors of m(-15)?
3019
Let s(x) = -47*x - 10. Let g be s(-7). Suppose 10*u - 480 = 2*u. Suppose g = 5*p + 3*j + u, 3*p = -4*j + 162. What are the prime factors of p?
2, 5
Suppose 11 = 3*a - 1. Suppose -7*g + 174 = -a*g. List the prime factors of g.
2, 29
Suppose -2*b + 66 = p - 437, b = 0. List the prime factors of p.
503
Suppose r + 2*r - 2*g - 531 = 0, 4*r - g - 708 = 0. What are the prime factors of r?
3, 59
What are the prime factors of 123*(8 + 35/(-15))?
17, 41
Let u(d) = -7 + 12 + 0*d**3 + 5*d**3. List the prime factors of u(3).
2, 5, 7
Let k(r) = -r**3 + 3*r**2 + 6*r - 3. Let h be k(4). Suppose -3*z = -2*g + g + 55, h*g - 2*z - 223 = 0. Lis